ite number?
False
Is 19182536809 prime?
False
Is 1383228277 a composite number?
True
Is 302839353317 composite?
False
Is 9749706749 prime?
True
Is 3705294419 a prime number?
False
Is 8783753339 prime?
True
Is 2541739007 composite?
False
Is 18571544671 a prime number?
True
Is 24131165637 composite?
True
Is 153202429 a composite number?
False
Is 790671454 composite?
True
Is 3929081165 prime?
False
Is 1681469939 a prime number?
False
Is 2157481717 a composite number?
False
Is 5599232471 a composite number?
True
Is 8529517 a prime number?
False
Is 626137817 a composite number?
False
Is 73227943 prime?
False
Is 140536271 composite?
True
Is 16183844879 a composite number?
True
Is 45316159823 composite?
True
Is 71412134995 a prime number?
False
Is 27611839303 a composite number?
False
Is 8243615109 prime?
False
Is 24885912323 a composite number?
False
Is 12264211 composite?
False
Is 1484609899 prime?
True
Is 67803901313 a prime number?
False
Is 58216621613 composite?
False
Is 380547877 prime?
False
Is 1795186023 prime?
False
Is 40216421177 prime?
False
Is 55293871047 a prime number?
False
Is 540177289 composite?
False
Is 4013204029 prime?
False
Is 25059913819 a prime number?
False
Is 1101136363 composite?
True
Is 49126264027 a prime number?
False
Is 6931537 prime?
True
Is 9164800231 a prime number?
False
Is 6850389661 composite?
True
Is 2041839309 prime?
False
Is 13727049307 composite?
True
Is 268535513 prime?
True
Is 877903463 a composite number?
False
Is 4533626011 a composite number?
True
Is 175100441 a prime number?
True
Is 456934351 a composite number?
False
Is 3663952043 composite?
False
Is 39390731 a prime number?
True
Is 2131498339 a prime number?
False
Is 100593775081 a prime number?
True
Is 3094003571 prime?
False
Is 243036983 a composite number?
True
Is 28667018 composite?
True
Is 287411128651 a prime number?
True
Is 1869985693 composite?
False
Is 15254667089 composite?
False
Is 894593851 composite?
False
Is 89402505701 prime?
False
Is 1087974499 composite?
True
Is 12336083207 composite?
True
Is 3547260967 prime?
False
Is 1435904959 prime?
True
Is 7518075511 prime?
True
Is 451225559 prime?
False
Is 6662739649 a composite number?
True
Is 9879676739 a prime number?
True
Is 54054457 a prime number?
True
Is 1705155727 a composite number?
True
Is 5257187057 prime?
False
Is 2560146331 prime?
False
Is 34462920173 prime?
False
Is 2043234227 composite?
True
Is 30094082581 a composite number?
False
Is 4120457023 a composite number?
False
Is 10785391597 prime?
True
Is 8801564201 prime?
False
Is 8029226113 a prime number?
False
Is 4835163371 a prime number?
True
Is 3830656157 composite?
False
Is 5819877793 composite?
True
Is 63598313 prime?
True
Is 107281351 composite?
False
Is 15284496083 composite?
True
Is 647456317 a prime number?
True
Is 4660061737 prime?
True
Is 743894819 a prime number?
False
Is 958960162 composite?
True
Is 255734931557 a composite number?
True
Is 216490336021 prime?
True
Is 2082759889 prime?
False
Is 2376515863 composite?
True
Is 2374742789 composite?
False
Is 4853850123 a composite number?
True
Is 217614986 a composite number?
True
Is 81906543997 composite?
False
Is 16242715487 prime?
True
Is 16686988363 a composite number?
False
Is 4597166387 a prime number?
False
Is 7654059329 composite?
True
Is 4516095053 composite?
True
Is 1629687777 prime?
False
Is 701768867 a prime number?
True
Is 277766773381 composite?
False
Is 73094836657 a prime number?
False
Is 415672547 prime?
False
Is 931970669 prime?
False
Is 1756555771 a composite number?
False
Is 395932339 a prime number?
False
Is 56412359 a composite number?
True
Is 17474581847 a composite number?
False
Is 915396197 prime?
False
Is 521835527 a prime number?
False
Is 3789313237 prime?
False
Is 159172913693 prime?
False
Is 3433495931 a composite number?
True
Is 82347072901 composite?
True
Is 69920326639 composite?
False
Is 56187869939 composite?
True
Is 10102725899 a composite number?
True
Is 905623547 prime?
False
Is 50054487713 a prime number?
True
Is 1088613439 a composite number?
False
Is 10376476811 prime?
False
Is 26292894307 a prime number?
False
Is 14920068271 composite?
True
Is 19940066473 a prime number?
False
Is 5021272877 a composite number?
False
Is 4264607657 a composite number?
True
Is 116636797 a composite number?
True
Is 251574487 a prime number?
True
Is 64373543693 prime?
False
Is 72715966771 a prime number?
False
Is 114110791 a prime number?
True
Is 37147266227 a composite number?
True
Is 86268973073 composite?
True
Is 8827532851 a composite number?
False
Is 111635534471 composite?
False
Is 9768347689 composite?
True
Is 1621000135 composite?
True
Is 42704587403 composite?
True
Is 135319381 composite?
True
Is 55149182083 a prime number?
True
Is 8887669787 composite?
True
Is 172672135 composite?
True
Is 1848818063 a composite number?
True
Is 45921191729 a prime number?
False
Is 860366009 composite?
True
Is 2353914595 a composite number?
True
Is 341411183 a composite number?
False
Is 3405089483 a prime number?
False
Is 9869097761 prime?
False
Is 109257457 composite?
True
Is 169495389929 prime?
False
Is 1698614161 composite?
True
Is 2964303163 a composite number?
False
Is 24849906551 a prime number?
True
Is 15897930799 prime?
False
Is 7939530223 composite?
False
Is 342982301 prime?
True
Is 383841517 a composite number?
True
Is 32939375351 composite?
False
Is 30475491665 composite?
True
Is 10799009953 a prime number?
False
Is 33324041 composite?
True
Is 330640462 a composite number?
True
Is 115288111 prime?
True
Is 32223112277 prime?
True
Is 2587684999 a prime number?
False
Is 89834097931 a composite number?
False
Is 1712767957 a prime number?
False
Is 3966915083 composite?
False
Is 2286735911 composite?
True
Is 25496824499 a prime number?
True
Is 637057051 prime?
False
Is 19308923419 a prime number?
True
Is 276739927 a prime number?
True
Is 1590018547 a prime number?
False
Is 2521946873 a composite number?
False
Is 57988291045 composite?
True
Is 14020746733 a prime number?
False
Is 8646607601 a prime number?
False
Is 822180719 composite?
False
Is 1862324561 a prime number?
True
Is 434871413 prime?
False
Is 7962294167 a prime number?
True
Is 2397034513 prime?
True
Is 273466577 a composite number?
True
Is 2200465571 a composite number?
True
Is 3536394773 a prime number?
True
Is 48061683823 a composite number?
True
Is 3995227217 composite?
False
Is 3121139377 composite?
False
Is 2149995139 composite?
False
Is 132510538067 composite?
False
Is 5884241 a prime number?
False
Is 4717242323 prime?
True
Is 12515215981 a composite number?
True
Is 2135197291 a composite number?
False
Is 61688756033 composite?
False
Is 1526504797 a composite number?
False
Is 6463929817 prime?
True
Is 3409288527 prime?
False
Is 60828235069 a prime number?
False
Is 15685367221 a prime number?
False
Is 79109306611 a prime number?
False
Is 4498835023 a prime number?
False
Is 20605745981 a composite number?
False
Is 38401953593 a prime number?
True
Is 1077331571 a composite number?
False
Is 116854906823 composite?
False
Is 2772584137 composite?
True
Is 16158200843 a composite number?
False
Is 336732157 composite?
True
Is 156252973 a composite number?
False
Is 4901676607 composite?
False
Is 97909235429 a prime number?
False
Is 3782539951 prime?
True
Is 588739829 a prime number?
True
Is 719868349 prime?
False
Is 2274207281 a prime number?
False
Is 12875240927 a prime number?
True
Is 444817973 composite?
True
Is 63945055549 a prime number?
False
Is 57626781711 a prime number?
False
Is 37286564398 prime?
False
Is 6066318859 prime?
True
Is 787235851 a composite number?
False
Is 36636648263 composite?
False
Is 358235965 a composite number?
True
Is 12362439331 a composite number?
True
Is 8049399637 composite?
True
Is 19094993873 composite?
True
Is 837650617 a composite number?
False
Is 186442717 a composite number?
True
Is 797829419 a composite number?
False
Is 44063016443 a composite number?
False
Is 2055778393 composite?
True
Is 1648388387 prime?
True
Is 2878184501 composite?
False
Is 11119052221 composite?
True
Is 16998424351 prime?
True
Is 633451651 prime?
False
Is 543524897 a prime number?
True
Is 1910676569 a composite number?
False
Is 21734384839 a composite number?
True
Is 207746369 composite